2*y**2 - 1. What is u(l)?
-5
Let v(i) = -10*i**2 - 2*i + 1. Let w be (2 + -1)*1 + 0. Give v(w).
-11
Let p(u) be the third derivative of -u**5/30 + 7*u**4/24 + u**3/6 + 12*u**2. Determine p(5).
-14
Let r(o) = -o**3 + 6*o**2 + 4. Let k be r(6). Suppose 2*y = 2*t - 12, -4*y - 25 = y - k*t. Let u(m) = -6*m**3 + m**2 + 2*m + 1. What is u(y)?
6
Let x = 6 - 9. Let p(f) = -1 + 7 - 2*f - 2 - 2*f**2. What is p(x)?
-8
Suppose p = 5*c - 27 - 7, 0 = 4*c - 5*p - 23. Let t = -4 + c. Let s(v) = -5*v - 18. Let l(i) = 2*i + 6. Let n(q) = t*s(q) + 8*l(q). What is n(3)?
-3
Let n(q) = -q**3 - q + 3. Let y be n(0). Let o be y/(-5) - (-6)/(-15). Let w(s) = -8*s + 1. What is w(o)?
9
Let u(b) = b**3 + 2*b**2 - b - 2. Let q(i) = -i**3 + 7*i**2 + 9*i - 10. Let g(s) = -s**3 + 6*s**2 + 2*s - 4. Let v be g(6). Let f be q(v). What is u(f)?
0
Let l(z) = -3*z + 2*z + 2*z + 3*z - 2 + z**2. What is l(-4)?
-2
Let h(v) = 2*v + 2. Suppose 4 = -2*q + 10. Suppose 2*d - 3*a = 0, 0 = q*d - a - a + 5. Give h(d).
-4
Suppose -5*h - 3*m - 2 = 4, 0 = -5*h + 5*m + 10. Suppose h = -4*q - 3*f + 21, -5*q = 4*f - 0*f - 26. Let g(b) = b**3 - 7*b**2 + 4*b + 6. Determine g(q).
-6
Let r be -10*(1 + 0) - 0. Let a be (-4)/r + (-54)/10. Let o(z) = -z - 4. Give o(a).
1
Suppose 4*w + 6 = w. Let f = -2 - w. Suppose f = -2*p + x + 7, -4*p + x + 7 + 4 = 0. Let y(j) = -j**3 + 3*j**2 - j - 1. Determine y(p).
1
Let d(i) = i**3 + 6*i**2 - 2*i - 6. Suppose -5*s + 3*r = 284 - 739, r + 445 = 5*s. Suppose -z = z - s. Let p be 6/21 - z/7. Calculate d(p).
6
Let x be (-40)/(-18) - 2/9. Let w(v) = 6*v + 13 + v**x - 2*v**2 - 7*v. Calculate w(0).
13
Let b = 0 + 0. Let d be 2 - (6*(-4)/8 - -3). Let i(y) = y**2 + d - 3 + b*y**2. Determine i(-2).
3
Let b(a) = -a**2 - a - 3. Let m(k) be the third derivative of -k**5/30 - 2*k**3/3 + 3*k**2. Let p(l) = -3*b(l) + 2*m(l). Give p(3).
1
Let y(i) = -10*i**2 + 14*i + 9. Let r(u) = -7*u**2 + 9*u + 6. Let w(d) = -7*r(d) + 5*y(d). Determine w(7).
3
Suppose 3*j - 4*d = 4, 3*j - 2*j - 1 = d. Let t(u) = 2 + j*u**3 + 0 + u**2 + u + u**3. Calculate t(0).
2
Let p be ((-3)/15)/((-2)/10). Let d = p - 3. Let k = -2 + d. Let a(y) = y**2 + 5*y + 6. What is a(k)?
2
Let u(h) = -h**2 + 3. Let l(v) = 3*v - 6. Let w be l(2). Give u(w).
3
Let d(w) = w**3 + 2*w**2 - 3*w - 2. Let k be ((-4)/(-10))/(2/10). Let j be (-1)/(-4) + k/(-8). Suppose -5*p - 3*m - 4 = 0, j*m + 4 = -p + m. Determine d(p).
4
Let f(u) = u**3 - 3*u**2 - 2. Let v = -6 + 9. What is f(v)?
-2
Let h(k) = k - 1. Let w = -4 + 14. Let b(f) = w*f - f**2 + 0 - 8 - 1. Let n be b(9). What is h(n)?
-1
Let x(w) = w**2 - 2*w - 2. Let y(c) = c**2 + c. Let z(u) = x(u) - 2*y(u). Let d = 3 + -7. Let b(a) = -a**3 - 3*a**2 + 5*a. Let n be b(d). Determine z(n).
-2
Suppose 5*j + 0*j - 5*m = -5, -11 = 5*j + m. Let d(k) = k**2 - 2*k. Give d(j).
8
Let h(j) = j + 4. Let f be -2 + (-6 - (-8 + 4)). Determine h(f).
0
Suppose 5*n - 137 = 83. Suppose 0 = -2*b - 10, -3*p + n = p - 4*b. Let f(m) be the third derivative of m**5/60 - 7*m**4/24 + m**2 + 15*m. Determine f(p).
-6
Let k be 5 - (0 + (-2)/(-1)). Suppose -8 - 13 = k*d + 3*j, -18 = 3*d + 2*j. Let s(f) = -f**3 - 3*f**2 + f - 5. What is s(d)?
7
Let v(k) be the first derivative of 1/4*k**4 + 3 + 2*k**3 + 6*k + 4*k**2. Suppose -d - 5 = -0*d. Calculate v(d).
-9
Let v(d) be the first derivative of 7/2*d**2 + 3 + d. Calculate v(-1).
-6
Let v(x) = 8*x - 8. Let f(s) = 9*s - 8. Let g(m) = 6*f(m) - 7*v(m). Determine g(6).
-4
Suppose 5*c - c = 16. Let w(u) = -21*u**2 + 20*u**2 - 3 + 5*u - 3. Give w(c).
-2
Let w(r) = r**3 + 3*r**2 - 4*r + 3. Let h(z) = -3*z**3 - 5*z**2 + 9*z - 5. Let g(d) = -2*h(d) - 5*w(d). Let t be g(5). Let x(s) = 2*s - 4. Determine x(t).
6
Let p(f) = 12*f - 2. Let w(j) = -j**3 + 2*j**2 + j - 1. Let u be w(-2). Let l(k) = -6*k + 1. Let i(a) = u*l(a) + 6*p(a). Determine i(1).
-5
Let d(h) = 2*h**2 + 6*h + 3*h + 7*h - 12*h. Determine d(-3).
6
Let m(a) be the second derivative of -a**4/12 - a**3/2 + a**2/2 - a. Give m(2).
-9
Let x(n) = 3*n + 3. Let l(a) = a**2 + 6*a + 8. Let j be l(-5). What is x(j)?
12
Let h = -12 - -7. Let u = h - -4. Let p(z) = 6*z**3 + 2*z**2 + z. Calculate p(u).
-5
Let f(y) = 3*y**2 + 9*y + 11. Let i(n) = n**2 + 3*n + 4. Let o(p) = 6*f(p) - 17*i(p). Let a be (-1)/(14/6 - 2). Give o(a).
-2
Let j(z) be the second derivative of z**3/6 + 12*z. Determine j(2).
2
Let p = -1 - 2. Let d(h) = h**2 + 5*h + 4. Let g(n) = 5*n + 4. Let i(a) = p*g(a) + 2*d(a). What is i(4)?
8
Let a(j) = -j**3 + 3*j**2 + j. Let k be a(3). Let t(w) = 5*w - 1 + 3 - 4*w + k*w. Let i(y) = -y**2 + 4*y - 2. Let s be i(4). Determine t(s).
-6
Let x(j) be the third derivative of -j**5/60 - j**4/4 - 7*j**3/6 + 7*j**2. What is x(-5)?
-2
Let s be 14/(-8) - (-3)/(-12). Let t(h) be the second derivative of h**6/180 + h**5/60 - h**4/12 - 2*h. Let f(p) be the third derivative of t(p). What is f(s)?
-6
Let i = -16 - -11. Let y = 5 + -3. Let b(r) = -y - 4*r + 3*r + 4. What is b(i)?
7
Let o(p) = -2*p**3 - 17*p**2 - 12*p - 15. Let a(k) = 3*k**3 + 26*k**2 + 18*k + 23. Let u(d) = -5*a(d) - 8*o(d). What is u(-5)?
0
Let d(c) = c**2 - 10*c + 9. Let q(o) = o**2 - 9*o + 8. Let l(w) = 6*d(w) - 7*q(w). Let f = 4 - 2. Give l(f).
0
Let j(g) be the second derivative of -g**4/6 + g**3/2 - g**2 - 3*g. Let c = -3 + 5. Give j(c).
-4
Let d be 5/(15/(-6))*-2. Suppose 10 = d*m - 5*m. Let c be 15/m*2/3. Let o(b) = -5*b. Calculate o(c).
5
Suppose -3*v + 37 + 1 = -c, v = 4*c - 2. Let u be (-21)/v - (-9)/(-2). Let k(s) = s**2 + 7*s + 2. What is k(u)?
-4
Let d(x) = -x + 1. Let m(l) = 7. Let o(g) = -3*d(g) + m(g). Suppose r = 2*r + 6. Determine o(r).
-14
Let l(m) = 2*m - 3. Let y = 23 - 19. Calculate l(y).
5
Let i(b) = b**2 - b + 5. Let y(k) = 3*k + 13. Let p be y(-3). Calculate i(p).
17
Let d(w) = w**2 + 6*w + 4. Let l be ((-8)/(-6))/((-7)/21). Calculate d(l).
-4
Suppose -m = -2*l + 4, l - 3*m = -l. Let t(d) be the second derivative of 1/20*d**5 - 5/12*d**4 + 2/3*d**l + d - 1/2*d**2 + 0. Determine t(4).
-1
Suppose 2*f - 2*b - 8 = 0, 1 = b + 3. Let u be 6 + 2*(-1)/f. Suppose u*q - 4*i = -21, -5*q + 2*q - 2*i = -5. Let x(c) = -6*c**3 + c**2 - c - 1. What is x(q)?
7
Let m(q) = -6*q**3 + 738*q - 368*q - 369*q - q**2. Let l = -2 - -3. What is m(l)?
-6
Suppose 0*i + 4 = i. Let b be -2*((-2)/i + -1). Let v(n) = n**2 + 5*n + 2 - b*n + 1 - n**3. Calculate v(-2).
11
Let l(b) be the first derivative of b**5/20 + b**4/2 + 2*b**3/3 + b**2 + b + 1. Let m(w) be the first derivative of l(w). Let p be -5*-4*(-1)/4. Calculate m(p).
7
Let g be (3 - 3)/(2 - 0). Suppose g = 5*o + 6 - 26. Let u(z) = -z**2 + 4*z - 6. Determine u(o).
-6
Suppose 2*a + 2*z - 18 = -0*z, 2*a - z = 9. Let t(f) = 7*f**3 + 6*f + 1. Let r(j) = -j**3 - j**2 - j - 1. Let p(o) = 6*r(o) + t(o). Determine p(a).
-5
Let c(q) = -9*q - 3. Let f(d) = 1. Let v(z) = c(z) + 4*f(z). Let g(y) = -10*y - 79. Let t be g(-8). Give v(t).
-8
Let r(m) = -m**3 - 2*m**2 - 2*m - 2. Suppose 18 - 3 = -5*q. Calculate r(q).
13
Let v(p) = p**2 + 13*p + 0 - 1 + 6. Let f be v(-13). Let u(h) = h - 4. Determine u(f).
1
Let y(p) be the second derivative of p**3/6 + p**2/2 - p. Give y(2).
3
Let o(w) = -7*w**2 - w. Suppose -z - z = -2. Suppose 2*r + 4*q = 7*r + 17, q + z = -4*r. Calculate o(r).
-6
Suppose -3*t - 6 = 12. Let j(z) = z**2 + 5*z + 3. Give j(t).
9
Let k(n) be the second derivative of n**8/6720 - n**7/2520 - n**5/60 + n**4/6 + n. Let u(m) be the third derivative of k(m). Determine u(2).
2
Let t(f) = f**3 - f + 1. Let b(j) = 4*j**3 + j**2 - 3*j + 3. Let n(r) = b(r) - 3*t(r). Give n(0).
0
Let o(f) = -7*f + 15*f - 4*f - 8*f. Calculate o(-1).
4
Let l(c) = -2*c + 4. Let a = -37 + 40. What is l(a)?
-2
Suppose -o - 6 + 2 = 0. Let b = o + 5. Let n(v) = 0 + b - 5*v + 0. Determine n(1).
-4
Let s(u) = -3*u - 2. Suppose w + 34 = -2*w + 4*t, -2*t = 5*w + 22. Let z be (9/w)/((-6)/16). Suppose -z = -g, -2*c = -3*c + 4*g - 14. Give s(c).
-8
Let t(q) = q + 2*q**2 - 14*q**2 + 10*q**2 - 5*q**3. Determine t(1).
-6
Let g(j) = 9*j**2 + 3*j - 2*j - 2*j. Suppose 3*b + h = -4*h - 2, 0 = -b + 4*h + 5. Determine g(b).
8
Let b(k) be the second derivative of -k**4/3 + k**3/6 + 7*k. Determine b(1).
-3
Let g(u) = -u - 4. Let o be 1 - (-8 - -3)/(-1). Calculate g(o).
0
Let s(m) = 1 - 7*m**2 + 9*m**3 - 4*m**2 + m + 12*m**2 - 2*m**2. Calculate s(-1).
-10
Suppose 